on divisor of a and 2.
2
Let d = 45 - 5. Let h be (6/21)/(2/(-2940)*-14). What is the greatest common factor of d and h?
10
Suppose 28*m - 3050 - 2830 = 0. Calculate the highest common factor of 90 and m.
30
Suppose 5*b + 158 = -184*j + 186*j, j - 3*b = 78. Calculate the highest common factor of j and 180.
12
Suppose -240 = -h - 2*h. Let f = -50 + h. What is the highest common divisor of 20 and f?
10
Let x(v) = 58*v**3 - 2*v**2 + 2*v - 5. Let n be x(2). What is the highest common factor of n and 70?
35
Let s be 7 + (6 - ((9 - 2) + -1554)). What is the highest common divisor of s and 130?
130
Let k = 21 + -13. Suppose 4*i + 348 = k*i. Let n be i - 0 - (-2)/2. What is the highest common divisor of n and 11?
11
Let w(g) = 65*g**3 - 6*g**2 + 5*g + 2. Let q be w(1). Calculate the highest common factor of 44 and q.
22
Let q(m) = m**3 - 7*m**2 + 3. Let i be q(7). Let n(d) = 25*d + 2. Let x be n(i). Let g = -51 + 62. What is the greatest common divisor of g and x?
11
Let p = 1626 + -975. Calculate the highest common divisor of 31 and p.
31
Suppose -2*h = 41 - 11. Let s = -11 - h. Suppose 6*v = 2*v + 64. What is the highest common divisor of s and v?
4
Let r be 5/(-20) - 788/(-16). Let x be (r/7)/(3/30). Let j = x - 50. Calculate the highest common factor of 10 and j.
10
Let v(f) be the second derivative of f**3 + 19*f**2/2 - 14*f. Let y be v(11). What is the highest common divisor of 17 and y?
17
Let o be 8 - (-6 + 10 + -8). Suppose 2*s + k = -74, -3*s + k + k = 104. Let y = 144 + s. What is the highest common divisor of o and y?
12
Suppose 2*j - 5 - 3 = 0. Suppose j*o - 97 = -a, -4*o + 152 = -3*a + 43. Let g = 37 - o. What is the greatest common factor of 12 and g?
12
Let z be 58/(-4) + (-14)/(-28). Let t be (-120)/z + (-12)/21. Calculate the greatest common factor of 20 and t.
4
Suppose -39 = -6*d + 33. Suppose -d - 12 = -3*n. Suppose 4 = 4*t + m, -2 = -t + 5*m - 1. What is the highest common divisor of t and n?
1
Let g = -2279 - -3798. What is the highest common divisor of 147 and g?
49
Let h = -3 - -11. Suppose 6*d + 54 = h*d. Let r = 7 - 4. What is the greatest common factor of d and r?
3
Let w be 17/(-17) + 4/(8/18). What is the greatest common divisor of 128 and w?
8
Let o(b) = b**3 + 3*b**2 + b - 2. Let a be o(-2). Suppose a*i + 56 = 4*i. Let r be 7/((328/80 - 4)*5). What is the greatest common divisor of i and r?
14
Let r = -201 + 256. What is the highest common divisor of r and 209?
11
Suppose -y = 4*p - 58, 2*p = -10*y + 13*y - 174. What is the highest common divisor of 145 and y?
29
Let q(o) be the second derivative of 7*o**4/12 - o**3/6 + 5*o**2/2 - 4*o. Let p be q(-4). Calculate the highest common divisor of p and 11.
11
Let l(r) = 19*r + 20. Let n be l(-3). Let o = 1 - n. What is the highest common factor of o and 304?
38
Let h = 11 - 130. Let c = 252 + h. Suppose 15*z - 139 = 146. Calculate the highest common divisor of z and c.
19
Let y be 12*(56/102 + 10/85). What is the greatest common factor of y and 664?
8
Let y = 1681 - 1135. What is the highest common factor of y and 26?
26
Let m(s) = -s**3 + 5*s**2 + 3*s - 1. Let z be m(5). Suppose 92 = 17*i - 384. Calculate the greatest common factor of i and z.
14
Let i(j) = -21*j - 3. Let q be i(-2). Let m = -499 - -525. What is the greatest common factor of m and q?
13
Let d = 3 - -21. Let g(m) = -m**2 - 10*m. Let q be g(-9). Let i be q/15 + (-135)/(-25). Calculate the greatest common divisor of d and i.
6
Let q be -5 + (-8)/((-16)/18). Calculate the greatest common divisor of q and 6.
2
Suppose 5*f - 78 = -3*t, -16*f + 31 = -14*f + t. Calculate the highest common factor of 15 and f.
15
Suppose -11 = -3*o - 2. Suppose -15 = -5*k, -2*k - 3*k = o*w - 27. What is the highest common divisor of 36 and w?
4
Let w(k) = -11*k + 162. Let x be w(12). Calculate the highest common factor of 480 and x.
30
Let n = 71 + -91. Let j be (-3035)/n - 1/(-4). What is the greatest common divisor of 8 and j?
8
Let t(c) = -12*c + 9*c + 12*c - 2. Let m be t(2). Let d(h) = 5*h**3 + 2*h**2 - 3*h. Let z be d(3). Calculate the greatest common factor of z and m.
16
Let g(a) = 22*a - 35. Let o be g(4). Let x = o + -29. What is the highest common factor of x and 36?
12
Let k = 16 + -12. What is the greatest common factor of 16 and k?
4
Let f(c) = -c**3 + 4*c**2 + c + 22. Let h be (-507)/(-104) - 2/(-16). Let x be f(h). Calculate the greatest common divisor of 14 and x.
2
Let g be -6*3/4*2. Let y = 26 + g. What is the highest common divisor of 153 and y?
17
Let i = -46 + 60. Let o = 11 - -17. Suppose 4*p = -0 + o. Calculate the highest common factor of p and i.
7
Let h be (315/(-18) + 2/4)*1. Let z = h - -87. Calculate the highest common factor of z and 5.
5
Suppose n - 1 = 7. Let y be (-13 - 1) + n/4. Let s be (y/(-8))/((-6)/(-88)). Calculate the highest common divisor of s and 22.
22
Let w = -15 - -34. Let i = 32 - w. Calculate the highest common factor of 104 and i.
13
Let c be (-6)/21 + 17/((-357)/(-216)). What is the greatest common factor of c and 30?
10
Suppose 0 = -2*c - l + 108, 0*l + 5*l = 5*c - 300. Let y be 0 - -9 - (-29 + 31). Calculate the greatest common divisor of c and y.
7
Let b be 6 - (-5 + 6)/(-1). Calculate the greatest common divisor of b and 2.
1
Let l = 0 + 104. Calculate the greatest common divisor of 13 and l.
13
Let x = 71 + -62. Calculate the highest common factor of 72 and x.
9
Let j = -5 + 31. Let t = j - -19. Let x(u) = 9*u**2 - u - 1. Let s be x(-1). Calculate the greatest common factor of s and t.
9
Let w be 6/(-4) - (-27)/6. Let o be (-6)/4*(-350)/w. What is the greatest common factor of o and 35?
35
Let a be (-6)/(-3) - -1 - 0. Let d be -3*(-1)/(a/56). What is the highest common factor of d and 14?
14
Suppose -19 = -a + 5*i - 0, -3*i - 13 = -a. Suppose -2*x = b - 173, a*x = 3*x - 2*b + 82. Calculate the highest common factor of x and 11.
11
Suppose 38*i - 20*i - 18360 = 0. Calculate the highest common factor of i and 30.
30
Let j = 8 - 20. Let r be (1*-8)/(10 + j). Calculate the highest common divisor of r and 6.
2
Suppose -3*a + 451 = -206. Let c = a - 153. What is the highest common divisor of 44 and c?
22
Suppose -5*t - 190 = -6*j, 8*t - 3*t = 3*j - 100. Calculate the greatest common factor of j and 288.
6
Let y = -112 + 118. Suppose y*r - 9*r + 36 = 0. What is the greatest common factor of 156 and r?
12
Let x = 240 + -214. What is the highest common factor of 130 and x?
26
Suppose -2*q = -7*q + 45. Let o(i) = -i + 4*i - q - i**3 + 4*i**2 + i - i. Let g be o(3). Calculate the highest common divisor of g and 36.
9
Suppose 128 = 2*c - 114. What is the highest common divisor of 11 and c?
11
Let p(q) = -q**3 + q**2 - q. Let w(o) = 2*o**3 + 3*o**2 - 3*o + 2. Let y(b) = -p(b) - w(b). Let k be y(-5). Calculate the highest common divisor of 2 and k.
1
Let c = -72 + 39. Let j be -2*3/(-12) - c/6. Let a(n) = n**2 - 4*n + 7. Let o be a(5). What is the greatest common divisor of j and o?
6
Suppose 0 = -4*a - 5*z + 65, 4*z = -a + 49 - 41. Calculate the greatest common divisor of 180 and a.
20
Suppose 2*n = 6*n + 4*m - 104, 38 = n - 3*m. Let g(y) = 4*y**2 + 27*y + 45. Let f be g(-11). What is the greatest common factor of n and f?
29
Suppose 21 - 189 = 7*b. Let n be 55 + b - 2/(-2). Let m be ((-8)/(-5))/((-1)/(-60)). What is the greatest common factor of m and n?
32
Let q be (1 + 0/2)*3. Let h(z) = -18*z + 498. Let a be h(27). Calculate the highest common factor of q and a.
3
Let n(o) = 1. Let y(f) = 109*f + 3. Let h(u) = 5*n(u) - y(u). Suppose -p - 9 + 7 = 0. Let z be h(p). Calculate the greatest common divisor of z and 22.
22
Suppose 0 = 3*x - 3*y - 378, 4*x - 3*y - 84 = 424. Calculate the greatest common divisor of 221 and x.
13
Suppose w + 15 = -3*q, -3*w - 2*w = -5*q + 75. Let s = w + 35. Suppose -i - s = -5*p, -4*p + 2*p + 2*i = -8. What is the highest common divisor of p and 6?
2
Let i = 28 - 26. Suppose i*d - 3*l - 4 = 11, -12 = -d + 3*l. What is the highest common divisor of 24 and d?
3
Let v(l) = -6*l**2 + 5*l - 2. Let g(w) = w**2 + w. Let m(o) = 5*g(o) + v(o). Let k be m(10). Let t = k - -10. What is the greatest common factor of t and 12?
4
Let c be 3 + (-4)/(-6) - 2/3. Let u be -62*(c + (-3 - 2)). What is the highest common divisor of 31 and u?
31
Let m be 182 + (-120)/45 + (-6)/(-